Select a Year or Month report
Report for 2009 May
Monthly Climatological Summary for May 2009
Name: Reigate Weather City: Reigate State: Surrey, United Kingdom
Elevation: 71 m Lat: N 51° 14' 04" Lon: W 000° 12' 00"
Temperature (°C), Rain (mm), Wind Speed (mph)
Heat Cool Avg
Mean Deg Deg Wind Dom
Day Temp High Time Low Time Days Days Rain Speed High Time Dir
----------------------------------------------------------------------------------
1 13.1 18.9 00:00 7.3 00:00 5.2 0.0 0.0 0.7 8.0 00:00 ---
2 12.1 15.6 00:00 10.5 00:00 6.2 0.0 0.0 0.1 2.4 00:00 ---
3 11.9 16.1 00:00 8.3 00:00 6.4 0.0 0.0 0.5 7.8 00:00 ---
4 9.5 12.9 00:00 3.6 00:00 8.8 0.0 0.0 0.4 4.9 00:00 ---
5 14.0 19.9 00:00 10.8 00:00 4.3 0.0 0.0 0.7 5.8 00:00 ---
6 14.6 20.1 00:00 11.3 00:00 3.7 0.0 0.0 0.8 6.2 00:00 ---
7 11.6 14.8 00:00 8.6 00:00 6.7 0.0 0.0 1.3 8.7 00:00 ---
8 10.9 15.5 00:00 7.6 00:00 7.4 0.0 3.1 0.9 12.3 00:00 ---
9 11.2 16.9 00:00 5.5 00:00 7.1 0.0 0.0 0.5 10.9 00:00 ---
10 11.9 19.9 00:00 5.6 00:00 6.4 0.0 0.0 0.6 7.1 00:00 ---
11 11.9 17.5 00:00 7.6 00:00 6.4 0.0 0.0 1.9 9.8 00:00 ---
12 11.6 17.3 00:00 7.1 00:00 6.7 0.0 0.0 1.9 7.6 00:00 ---
13 12.5 14.1 00:00 11.1 00:00 5.8 0.0 0.5 0.4 4.4 00:00 ---
14 14.2 18.9 00:00 10.8 00:00 4.1 0.0 10.4 0.1 2.6 00:00 ---
15 11.9 14.3 00:00 7.4 00:00 6.4 0.0 5.7 1.2 9.6 00:00 ---
16 11.4 16.1 00:00 6.8 00:00 6.9 0.0 1.0 1.7 15.6 00:00 ---
17 10.7 13.8 00:00 8.5 00:00 7.6 0.0 7.3 1.5 16.7 00:00 ---
18 11.5 14.9 00:00 9.3 00:00 6.8 0.0 4.6 1.8 15.2 00:00 ---
19 12.3 16.3 00:00 9.0 00:00 6.0 0.0 3.1 1.3 12.3 00:00 ---
20 13.3 18.4 00:00 8.5 00:00 5.0 0.0 0.0 0.6 6.7 00:00 ---
21 13.0 19.8 00:00 7.5 00:00 5.3 0.0 0.0 0.5 5.5 00:00 ---
22 13.3 19.6 00:00 7.5 00:00 5.0 0.0 0.0 0.6 8.7 00:00 ---
23 14.4 20.6 00:00 7.5 00:00 3.9 0.0 0.0 0.3 4.0 00:00 ---
24 16.9 25.2 00:00 8.6 00:00 1.4 0.0 0.0 0.4 4.0 00:00 ---
25 16.5 22.9 00:00 11.6 00:00 1.8 0.0 2.1 0.3 8.0 00:00 ---
26 13.6 17.6 00:00 9.8 00:00 4.7 0.0 13.5 0.7 8.9 00:00 ---
27 11.1 14.8 00:00 7.4 00:00 7.2 0.0 2.1 0.7 7.3 00:00 ---
28 17.3 21.4 00:00 12.9 00:00 1.0 0.0 0.0 0.2 4.2 00:00 ---
29 17.3 23.9 00:00 11.3 00:00 1.0 0.0 0.0 0.8 5.5 00:00 ---
30 16.9 23.2 00:00 10.9 00:00 1.4 0.0 0.0 0.9 8.9 00:00 ---
31 18.0 25.5 00:00 11.6 00:00 0.3 0.0 0.0 0.8 9.1 00:00 ---
----------------------------------------------------------------------------------
13.2 25.5 31 3.6 4 156.9 0.0 53.4 0.8 16.7 17 ---
Max >= 25.0: 2
Max <= 0.0: 0
Min <= 0.0: 0
Min <= -5.0: 0
Max Rain: 13.5 on day 26
Days of Rain: 11 (>= 0.2 mm) 9 (>= 2.0 mm) 0 (>= 20.0 mm)
Heat Base: 18.3 Cool Base: 18.3 Method: Integration