Select a Year or Month report
Report for 2009 Apr
Monthly Climatological Summary for Apr 2009
Name: Reigate Weather City: Reigate State: Surrey, United Kingdom
Elevation: 71 m Lat: N 51° 14' 04" Lon: W 000° 12' 00"
Temperature (°C), Rain (mm), Wind Speed (mph)
Heat Cool Avg
Mean Deg Deg Wind Dom
Day Temp High Time Low Time Days Days Rain Speed High Time Dir
----------------------------------------------------------------------------------
1 9.3 16.6 00:00 2.6 00:00 9.0 0.0 0.0 1.0 8.5 00:00 ---
2 9.8 16.5 00:00 7.3 00:00 8.5 0.0 0.0 0.8 7.1 00:00 ---
3 7.8 11.3 00:00 6.0 00:00 10.5 0.0 0.0 0.4 5.3 00:00 ---
4 10.6 17.3 00:00 6.4 00:00 7.7 0.0 1.1 0.6 6.9 00:00 ---
5 10.1 15.5 00:00 5.1 00:00 8.2 0.0 0.0 0.3 3.5 00:00 ---
6 12.0 18.1 00:00 7.6 00:00 6.3 0.0 0.0 1.0 2.2 00:00 ---
7 10.2 13.1 00:00 8.3 00:00 8.1 0.0 0.0 1.5 5.3 00:00 ---
8 10.9 16.1 00:00 6.9 00:00 7.4 0.0 4.6 1.5 5.3 00:00 ---
9 11.4 14.6 00:00 7.9 00:00 6.9 0.0 1.1 0.4 1.7 00:00 ---
10 10.9 12.5 00:00 9.5 00:00 7.4 0.0 5.1 0.5 2.9 00:00 ---
11 10.4 11.9 00:00 9.2 00:00 7.9 0.0 2.1 0.1 0.6 00:00 ---
12 11.1 13.0 00:00 9.8 00:00 7.2 0.0 0.0 0.0 0.0 00:00 ---
13 12.2 16.9 00:00 7.3 00:00 6.1 0.0 0.0 0.4 2.0 00:00 ---
14 12.8 17.2 00:00 8.8 00:00 5.5 0.0 0.0 0.1 0.8 00:00 ---
15 14.9 20.9 00:00 9.6 00:00 3.4 0.0 0.5 0.9 2.4 00:00 ---
16 13.2 16.2 00:00 11.3 00:00 5.1 0.0 0.6 0.1 0.8 00:00 ---
17 9.4 10.3 00:00 8.5 00:00 8.9 0.0 11.9 0.0 0.0 00:00 ---
18 10.3 16.3 00:00 5.6 00:00 8.0 0.0 0.0 0.4 2.9 00:00 ---
19 12.2 17.2 00:00 4.9 00:00 6.1 0.0 0.0 1.0 9.6 00:00 ---
20 12.2 18.5 00:00 6.4 00:00 6.1 0.0 0.0 0.2 3.3 00:00 ---
21 13.1 21.3 00:00 4.8 00:00 5.2 0.0 0.0 0.3 3.8 00:00 ---
22 13.7 20.1 00:00 7.9 00:00 4.6 0.0 0.0 0.5 5.5 00:00 ---
23 12.4 19.1 00:00 6.8 00:00 5.9 0.0 0.0 0.6 7.3 00:00 ---
24 13.0 19.1 00:00 7.6 00:00 5.3 0.0 0.0 1.0 8.2 00:00 ---
25 11.1 14.9 00:00 6.9 00:00 7.2 0.0 1.5 1.0 9.8 00:00 ---
26 10.5 17.6 00:00 3.9 00:00 7.8 0.0 0.0 0.5 6.7 00:00 ---
27 8.0 9.9 00:00 4.7 00:00 10.3 0.0 10.9 0.6 9.6 00:00 ---
28 6.8 12.6 00:00 1.3 00:00 11.5 0.0 0.5 0.1 3.1 00:00 ---
29 9.4 16.8 00:00 2.2 00:00 8.9 0.0 0.0 0.5 7.3 00:00 ---
30 12.0 17.2 00:00 6.8 00:00 6.3 0.0 0.0 0.8 12.9 00:00 ---
----------------------------------------------------------------------------------
11.1 21.3 21 1.3 28 217.3 0.0 39.9 0.6 12.9 30 ---
Max >= 25.0: 0
Max <= 0.0: 0
Min <= 0.0: 0
Min <= -5.0: 0
Max Rain: 11.9 on day 17
Days of Rain: 11 (>= 0.2 mm) 5 (>= 2.0 mm) 0 (>= 20.0 mm)
Heat Base: 18.3 Cool Base: 18.3 Method: Integration