Select a Year or Month report
Report for 2009 Mar
Monthly Climatological Summary for Mar 2009
Name: Reigate Weather City: Reigate State: Surrey, United Kingdom
Elevation: 71 m Lat: N 51° 14' 04" Lon: W 000° 12' 00"
Temperature (°C), Rain (mm), Wind Speed (mph)
Heat Cool Avg
Mean Deg Deg Wind Dom
Day Temp High Time Low Time Days Days Rain Speed High Time Dir
----------------------------------------------------------------------------------
1 6.9 10.4 00:00 4.3 00:00 11.4 0.0 0.0 0.1 2.4 00:00 ---
2 6.3 12.3 00:00 1.4 00:00 12.0 0.0 0.0 0.4 9.1 00:00 ---
3 7.4 9.3 00:00 5.6 00:00 10.9 0.0 18.6 3.1 25.7 00:00 ---
4 4.0 6.9 00:00 0.4 00:00 14.3 0.0 4.7 0.4 5.3 00:00 ---
5 3.5 8.0 00:00 0.3 00:00 14.8 0.0 1.5 0.3 4.2 00:00 ---
6 4.5 11.0 00:00 -0.1 00:00 13.8 0.0 0.0 0.4 6.0 00:00 ---
7 7.5 12.4 00:00 2.2 00:00 10.8 0.0 0.0 0.9 6.2 00:00 ---
8 7.0 11.0 00:00 2.2 00:00 11.3 0.0 1.6 2.2 19.4 00:00 ---
9 6.5 11.3 00:00 2.1 00:00 11.8 0.0 0.5 1.5 7.3 00:00 ---
10 8.2 12.7 00:00 3.3 00:00 10.1 0.0 4.2 0.9 8.2 00:00 ---
11 7.0 13.1 00:00 0.1 00:00 11.3 0.0 0.0 0.5 5.3 00:00 ---
12 10.4 12.3 00:00 9.2 00:00 7.9 0.0 0.5 0.8 9.6 00:00 ---
13 8.6 11.0 00:00 6.3 00:00 9.7 0.0 0.0 0.7 9.6 00:00 ---
14 9.4 14.1 00:00 5.9 00:00 8.9 0.0 0.0 0.6 5.5 00:00 ---
15 8.6 15.9 00:00 1.4 00:00 9.7 0.0 0.0 0.3 3.8 00:00 ---
16 8.3 15.8 00:00 2.2 00:00 10.0 0.0 0.0 0.4 5.3 00:00 ---
17 8.3 15.8 00:00 2.5 00:00 10.0 0.0 0.0 0.6 5.3 00:00 ---
18 9.0 16.4 00:00 3.9 00:00 9.3 0.0 0.0 0.2 4.0 00:00 ---
19 6.9 15.1 00:00 1.3 00:00 11.4 0.0 0.0 0.7 6.0 00:00 ---
20 7.6 14.3 00:00 2.6 00:00 10.7 0.0 0.0 0.3 5.3 00:00 ---
21 7.6 15.7 00:00 -0.7 00:00 10.7 0.0 0.0 0.5 5.8 00:00 ---
22 10.2 15.6 00:00 6.5 00:00 8.1 0.0 0.0 0.6 6.9 00:00 ---
23 7.9 13.2 00:00 5.3 00:00 10.4 0.0 1.5 1.6 9.6 00:00 ---
24 7.6 12.2 00:00 4.1 00:00 10.7 0.0 0.6 1.5 11.4 00:00 ---
25 8.9 12.1 00:00 5.9 00:00 9.4 0.0 1.0 1.8 9.1 00:00 ---
26 8.5 12.4 00:00 5.6 00:00 9.8 0.0 3.1 1.1 9.6 00:00 ---
27 5.9 9.8 00:00 2.8 00:00 12.4 0.0 3.6 1.1 10.9 00:00 ---
28 5.4 11.4 00:00 1.8 00:00 12.9 0.0 2.6 1.0 12.0 00:00 ---
29 4.2 8.9 00:00 -0.2 00:00 14.1 0.0 0.5 0.3 5.1 00:00 ---
30 5.9 13.4 00:00 -1.2 00:00 12.4 0.0 0.0 0.5 6.7 00:00 ---
31 9.2 13.3 00:00 6.3 00:00 9.1 0.0 0.0 0.1 2.6 00:00 ---
----------------------------------------------------------------------------------
7.3 16.4 18 -1.2 30 340.1 0.0 44.5 0.8 25.7 3 ---
Max >= 25.0: 0
Max <= 0.0: 0
Min <= 0.0: 4
Min <= -5.0: 0
Max Rain: 18.6 on day 3
Days of Rain: 14 (>= 0.2 mm) 6 (>= 2.0 mm) 0 (>= 20.0 mm)
Heat Base: 18.3 Cool Base: 18.3 Method: Integration