Select a Year or Month report
Report for 2009 Feb
Monthly Climatological Summary for Feb 2009
Name: Reigate Weather City: Reigate State: Surrey, United Kingdom
Elevation: 71 m Lat: N 51° 14' 04" Lon: W 000° 12' 00"
Temperature (°C), Rain (mm), Wind Speed (mph)
Heat Cool Avg
Mean Deg Deg Wind Dom
Day Temp High Time Low Time Days Days Rain Speed High Time Dir
----------------------------------------------------------------------------------
1 -0.4 2.1 00:00 -2.7 00:00 18.7 0.0 0.0 1.4 12.7 00:00 ---
2 -0.6 0.8 00:00 -2.4 00:00 18.9 0.0 0.0 0.1 2.2 00:00 ---
3 -0.3 3.4 00:00 -3.9 00:00 18.6 0.0 2.6 0.5 6.7 00:00 ---
4 0.7 3.9 00:00 -1.0 00:00 17.6 0.0 2.0 0.3 3.5 00:00 ---
5 2.7 5.3 00:00 0.9 00:00 15.6 0.0 4.7 0.1 3.1 00:00 ---
6 1.4 2.7 00:00 -0.1 00:00 16.9 0.0 5.2 0.9 6.0 00:00 ---
7 0.8 3.3 00:00 -1.9 00:00 17.5 0.0 1.0 0.4 4.0 00:00 ---
8 2.2 6.4 00:00 -1.1 00:00 16.1 0.0 1.6 0.4 6.7 00:00 ---
9 3.4 8.2 00:00 0.2 00:00 14.9 0.0 23.8 0.5 7.8 00:00 ---
10 2.8 7.9 00:00 -1.2 00:00 15.5 0.0 4.1 1.6 14.3 00:00 ---
11 1.9 8.0 00:00 -2.7 00:00 16.4 0.0 1.6 0.4 6.2 00:00 ---
12 1.0 4.3 00:00 -1.4 00:00 17.3 0.0 0.0 0.4 4.6 00:00 ---
13 3.4 6.5 00:00 -0.6 00:00 14.9 0.0 3.6 0.7 6.9 00:00 ---
14 1.3 5.5 00:00 -2.1 00:00 17.0 0.0 0.0 0.1 2.4 00:00 ---
15 5.1 9.3 00:00 1.3 00:00 13.2 0.0 0.5 0.3 4.2 00:00 ---
16 7.3 10.9 00:00 4.3 00:00 11.0 0.0 0.0 0.4 5.8 00:00 ---
17 8.2 10.8 00:00 5.5 00:00 10.1 0.0 0.0 0.6 4.9 00:00 ---
18 8.0 9.9 00:00 5.8 00:00 10.3 0.0 0.0 0.1 3.3 00:00 ---
19 7.0 9.9 00:00 4.6 00:00 11.3 0.0 1.1 0.1 2.0 00:00 ---
20 5.4 6.0 00:00 3.6 00:00 12.9 0.0 0.0 0.0 2.0 00:00 ---
21 7.4 12.9 00:00 2.7 00:00 10.9 0.0 0.0 0.3 7.1 00:00 ---
22 8.1 11.5 00:00 5.1 00:00 10.2 0.0 0.0 0.7 4.9 00:00 ---
23 8.4 10.5 00:00 6.9 00:00 9.9 0.0 0.0 0.3 4.9 00:00 ---
24 8.5 10.3 00:00 6.5 00:00 9.8 0.0 0.0 0.0 1.3 00:00 ---
25 7.9 9.2 00:00 7.1 00:00 10.4 0.0 0.0 0.2 4.4 00:00 ---
26 7.5 9.9 00:00 5.3 00:00 10.8 0.0 0.0 0.5 5.1 00:00 ---
27 9.4 15.3 00:00 6.4 00:00 8.9 0.0 0.0 0.3 4.6 00:00 ---
28 7.3 9.3 00:00 3.8 00:00 11.0 0.0 0.0 0.1 2.6 00:00 ---
----------------------------------------------------------------------------------
4.5 15.3 27 -3.9 3 386.6 0.0 51.8 0.4 14.3 10 ---
Max >= 25.0: 0
Max <= 0.0: 0
Min <= 0.0: 12
Min <= -5.0: 0
Max Rain: 23.8 on day 9
Days of Rain: 12 (>= 0.2 mm) 7 (>= 2.0 mm) 1 (>= 20.0 mm)
Heat Base: 18.3 Cool Base: 18.3 Method: Integration