Select a Year or Month report
Report for 2009 Jan
Monthly Climatological Summary for Jan 2009
Name: Reigate Weather City: Reigate State: Surrey, United Kingdom
Elevation: 71 m Lat: N 51° 14' 04" Lon: W 000° 12' 00"
Temperature (°C), Rain (mm), Wind Speed (mph)
Heat Cool Avg
Mean Deg Deg Wind Dom
Day Temp High Time Low Time Days Days Rain Speed High Time Dir
----------------------------------------------------------------------------------
1 1.6 3.5 00:00 -1.4 00:00 16.7 0.0 0.0 0.1 3.1 00:00 ---
2 2.3 5.0 00:00 -1.1 00:00 16.0 0.0 0.0 0.3 6.7 00:00 ---
3 -1.4 2.9 00:00 -4.0 00:00 19.7 0.0 0.0 0.0 3.1 00:00 ---
4 -1.9 0.9 00:00 -5.3 00:00 20.2 0.0 0.0 0.1 2.2 00:00 ---
5 0.1 2.3 00:00 -2.2 00:00 18.2 0.0 1.5 0.8 9.8 00:00 ---
6 -2.8 1.0 00:00 -6.2 00:00 21.1 0.0 0.0 0.1 3.8 00:00 ---
7 -0.9 2.3 00:00 -6.7 00:00 19.2 0.0 0.0 0.2 2.9 00:00 ---
8 2.2 6.3 00:00 -0.5 00:00 16.1 0.0 0.0 0.0 1.7 00:00 ---
9 -2.1 1.3 00:00 -5.1 00:00 20.4 0.0 0.0 0.0 1.5 00:00 ---
10 -4.1 -1.1 00:00 -7.7 00:00 22.4 0.0 0.0 0.0 1.7 00:00 ---
11 2.9 8.1 00:00 -2.2 00:00 15.4 0.0 0.0 1.1 12.7 00:00 ---
12 7.7 8.9 00:00 7.0 00:00 10.6 0.0 6.2 3.0 16.5 00:00 ---
13 7.2 9.6 00:00 -0.2 00:00 11.1 0.0 0.0 0.3 6.0 00:00 ---
14 1.6 4.3 00:00 -1.0 00:00 16.7 0.0 0.0 0.0 2.0 00:00 ---
15 4.0 5.8 00:00 2.1 00:00 14.3 0.0 0.0 0.9 11.6 00:00 ---
16 6.2 8.4 00:00 4.1 00:00 12.1 0.0 1.6 1.1 9.3 00:00 ---
17 8.0 9.3 00:00 6.6 00:00 10.3 0.0 10.3 3.1 18.5 00:00 ---
18 4.8 8.3 00:00 2.4 00:00 13.5 0.0 2.6 0.8 11.4 00:00 ---
19 4.7 6.5 00:00 0.8 00:00 13.6 0.0 11.9 1.0 13.6 00:00 ---
20 3.0 5.8 00:00 -0.1 00:00 15.3 0.0 0.0 0.3 4.6 00:00 ---
21 2.5 6.5 00:00 -1.9 00:00 15.8 0.0 2.1 1.0 11.6 00:00 ---
22 6.7 9.5 00:00 4.4 00:00 11.6 0.0 11.4 1.6 12.9 00:00 ---
23 4.3 5.9 00:00 -0.5 00:00 14.0 0.0 20.7 1.0 12.3 00:00 ---
24 1.7 5.9 00:00 -1.8 00:00 16.6 0.0 0.0 0.2 4.0 00:00 ---
25 6.0 6.7 00:00 5.3 00:00 12.3 0.0 16.6 1.7 13.4 00:00 ---
26 4.6 7.8 00:00 0.1 00:00 13.7 0.0 0.0 0.1 2.2 00:00 ---
27 3.2 7.9 00:00 -1.1 00:00 15.1 0.0 0.0 0.5 6.9 00:00 ---
28 5.3 6.3 00:00 4.4 00:00 13.0 0.0 5.2 0.2 6.4 00:00 ---
29 2.1 4.9 00:00 -0.1 00:00 16.2 0.0 0.0 0.3 2.9 00:00 ---
30 2.5 7.0 00:00 -0.1 00:00 15.8 0.0 0.0 0.7 6.0 00:00 ---
31 2.4 6.2 00:00 -0.4 00:00 15.9 0.0 0.0 1.0 7.3 00:00 ---
----------------------------------------------------------------------------------
2.7 9.6 13 -7.7 10 482.9 0.0 90.1 0.7 18.5 17 ---
Max >= 25.0: 0
Max <= 0.0: 1
Min <= 0.0: 21
Min <= -5.0: 5
Max Rain: 20.7 on day 23
Days of Rain: 11 (>= 0.2 mm) 9 (>= 2.0 mm) 1 (>= 20.0 mm)
Heat Base: 18.3 Cool Base: 18.3 Method: Integration